j be -3*(-4)/(-42) - 196788/(-161). Calculate the highest common factor of j and 26.
26
Suppose -20 + 30 = 2*a. Let k = 15 - 10. Calculate the highest common factor of k and a.
5
Suppose 2*s + 21 = 25. Suppose s*v + 494 = 2*r, -6*v + 4*v = 10. Suppose -3*b + 28 = -r. What is the greatest common divisor of 18 and b?
18
Let s be 104/(-13)*(-1 - 2/4). Calculate the greatest common divisor of 732 and s.
12
Let i be (0 - 0) + (19 - -71). Calculate the greatest common divisor of i and 20.
10
Suppose -227*o - 3360 = -269*o. Let a(u) = -u**3 - 5*u**2 + 4*u + 8. Let x be a(-6). Calculate the highest common divisor of o and x.
20
Let i = -120 - -134. Let f = i - -114. What is the greatest common factor of f and 16?
16
Let s = 1952 + -1951. What is the greatest common divisor of 5 and s?
1
Let r = -465 + 484. Calculate the highest common divisor of r and 95.
19
Let z be (35650/200 - 1/4) + 2. Let y(s) = 5*s**2 - s - 4. Let v be y(4). Calculate the highest common factor of z and v.
36
Let v(g) = 4*g + 16. Let u be v(-3). What is the highest common divisor of 34 and u?
2
Let f = -163 + 345. Calculate the highest common divisor of 7 and f.
7
Let r = 40 + -18. Let k(i) = 7*i**3 - i**2 + 5*i - 7. Let q be k(2). What is the highest common factor of q and r?
11
Suppose 3*i + 4*y - 111 = 0, 5*y = i - 8 - 10. Calculate the highest common divisor of 3 and i.
3
Let b be (10 + -12)/(3/9) - -84. Calculate the greatest common factor of b and 182.
26
Let k = 8 + -6. Let d = -112 - -118. Calculate the greatest common factor of d and k.
2
Let i = -10 + 80. Let p be i/(-45)*-6*3. What is the greatest common divisor of p and 7?
7
Suppose -16*f = -95 - 529. Calculate the greatest common factor of 13 and f.
13
Suppose 6*q = 3*q + 9. Let t = 1 + q. Suppose 2*n + 25 = 3*n - t*g, -n - 3*g = 10. What is the greatest common divisor of n and 15?
5
Let g(r) be the third derivative of -r**6/120 + 7*r**5/60 + r**4/24 + 2*r**2. Let m be g(7). What is the highest common divisor of 14 and m?
7
Let p be (96/(-18)*3)/(-1*1). What is the highest common divisor of 1648 and p?
16
Suppose l - 61 = -3*a, -5*l - 6 = 4. What is the highest common factor of a and 49?
7
Suppose 2*k + 5*q - 69 = 0, -3*k + 68 = -2*q - 45. Let z = k - 67. Let u be 4/6 - 1180/z. Calculate the greatest common divisor of u and 8.
8
Let y be (5/(-5))/(2/(-4)). Let q(m) = -6 + y*m + m**2 + 6. Let c be q(-5). What is the highest common factor of c and 30?
15
Suppose -5*a + 2*u = -266, -2*a + 6*u + 100 = 2*u. Let y = -4974 - -4983. What is the highest common factor of y and a?
9
Let o = -4 - -2. Let g be o + -2 + 4 - 0. Suppose 0 = -h + c + 13, -2*h - 3*c + 20 - 4 = g. What is the greatest common divisor of h and 88?
11
Let y = -24 - -41. Suppose -2*g + s + 5 + y = 0, -4*s = -3*g + 28. What is the highest common divisor of g and 24?
12
Let b = 58 + -55. Suppose -m + 16 = -b. Calculate the greatest common factor of m and 1.
1
Let b be (-1 + -4)/(2/(-36)*-3). Let n = 120 - b. What is the highest common factor of n and 50?
50
Suppose 300*a - 294*a = 150. Suppose 5*m = -2*t + t + 115, 2*t - 4*m = 188. Calculate the greatest common factor of a and t.
25
Let c(o) = o**3 - 9*o**2 + o + 3. Let l be c(9). Let g = 458 - 326. Calculate the greatest common divisor of l and g.
12
Let j be (276/24)/((-2)/(-44)). Calculate the greatest common divisor of j and 55.
11
Suppose 4*n - 12 + 4 = 0. Suppose n*h + 8 - 12 = 0. What is the highest common factor of 10 and h?
2
Let h(c) = -c**3 - 7*c**2 - 9*c - 3. Let u be h(-6). Let w(b) = 87*b - 512. Let q be w(6). Calculate the highest common divisor of u and q.
5
Suppose 5*o = i - 8, 4*o = i + 3*i. Let f = i - -6. Suppose 2*z = 2*q - q - 130, -3*q - f*z = -370. What is the highest common divisor of 14 and q?
14
Suppose 3*r - 10 = -2*r. Suppose 0 = 4*p + c - 108, -r*c = p + 2 - 22. What is the highest common divisor of 14 and p?
14
Let z be 59 + ((-6)/(-12))/((-2)/4). Suppose 0 = 3*s + z - 142. What is the greatest common divisor of s and 70?
14
Let i = -1633 - -1641. Calculate the highest common factor of 744 and i.
8
Suppose -11*p + 1044 = -6*p + 3*n, -3*p = -5*n - 640. What is the highest common divisor of p and 84?
42
Suppose 108*i - 134161 - 41231 = 0. Calculate the highest common factor of 112 and i.
56
Let d(x) = 2*x**2 + 41*x - 2 + 45*x - 83*x. Let w be d(-10). What is the greatest common divisor of 21 and w?
21
Let w be 2*-3 + (320 - 26). What is the highest common factor of 54 and w?
18
Let i = 1567 - 1604. Let h(m) = -2*m**2 - 4*m + 3. Let s be h(4). Let p = i - s. Calculate the greatest common divisor of 20 and p.
4
Let q(x) = -x + 14. Let g be q(11). Let y be 0 + 9 + g/(-3). Let i be y/((-8)/(-2)) + 16. What is the highest common divisor of 198 and i?
18
Suppose -2*m + 10 = 3*b, 3*b + m - 12 = -2*b. Suppose -b*p - 44 = -122. Let k(y) = -27*y - 1. Let q be k(-1). What is the highest common divisor of q and p?
13
Let z(m) = -2*m - 5. Let l be z(-4). Suppose n + 2*n - 99 = l*o, -n = -5*o - 145. Let g be o/(-4) - 1/1. Calculate the highest common factor of 18 and g.
6
Let h = 1215 + -1207. What is the greatest common factor of h and 136?
8
Let f be 2191/49 - (3 + 46/(-14)). Calculate the greatest common divisor of f and 108.
9
Let j(z) = 53*z**2 + 2*z + 2. Let m be j(-2). Suppose -8*f - 4*q + 688 = 0, f - 289*q + 294*q - 104 = 0. What is the highest common divisor of m and f?
42
Let a = 23 + 13. Let k(i) = -i**3 + 4*i**2 + 40*i - 12. Let h be k(-6). What is the greatest common divisor of h and a?
36
Let g(a) = 106*a**2 + 2. Let n be g(1). Suppose 2*i + 2*i = n. Let j = -24 + i. Calculate the greatest common divisor of j and 1.
1
Let v = -39 + 53. Let f = 484 + -330. Calculate the highest common divisor of f and v.
14
Suppose -7*b = -2067 - 5549. What is the greatest common divisor of b and 64?
64
Let b be (35/(-10))/((-2)/(-12)). Let y = b + 35. Let k = y + -12. What is the highest common divisor of 14 and k?
2
Let b(n) = -n**3 + 5*n**2 + 10*n - 8. Suppose 20*t - 25 = 15*t. Let c be b(t). Calculate the greatest common divisor of 14 and c.
14
Suppose 5*i + l - 149 = 0, -i - 4*l + 56 = i. Suppose -j - 5 = 9. Let m = i + j. Calculate the greatest common divisor of 128 and m.
16
Let r = -1880 + 4362. Calculate the highest common divisor of 34 and r.
34
Let q = 497 + -337. What is the highest common divisor of q and 100?
20
Suppose -5*g + 6 = 1. Let l = -36 + 41. Suppose 13 + 12 = l*u. Calculate the greatest common divisor of u and g.
1
Suppose 8*l = 4*l - 4, 0 = -2*y - l + 231. Calculate the highest common factor of 406 and y.
58
Let a be 31 - 30 - (-32 - (7 - 3)). Calculate the highest common divisor of a and 1147.
37
Let w(g) = -41*g**3 + 2*g**2 - 1. Let j be w(1). Let h = j - -57. Calculate the highest common factor of 34 and h.
17
Let z be (703/(-37))/((-1)/11). Calculate the highest common factor of z and 38.
19
Suppose 7*p - 70 = 14. What is the highest common factor of 252 and p?
12
Suppose 11 + 172 = c + 2*d, c - 5*d - 197 = 0. Let h be (3/((-27)/48))/((-3)/36). Suppose 200 - h = 8*i. What is the highest common factor of i and c?
17
Suppose -x = 2*g - 126, -g + 644 = 5*x + 2*g. Calculate the greatest common factor of x and 234.
26
Let b(m) = 8*m + 148. Let j be b(29). What is the greatest common divisor of 30 and j?
10
Suppose -900 = -2*n - 13*n. Calculate the greatest common factor of 192 and n.
12
Let a(r) = -r**3 - 6*r**2 + 11*r + 13. Let g be a(-7). Let s be (-4 + (-55)/g)*-33. Calculate the greatest common factor of 1 and s.
1
Suppose -2*z - 4*w + 22 = 0, 0*w = 5*z - 2*w - 55. Let f be 44/8*2 - -5. Suppose f*m = 19*m - 33. Calculate the greatest common factor of m and z.
11
Let k(t) = -2*t**3 - 40*t**2 - 5*t - 80. Let f be k(-20). Calculate the highest common divisor of 170 and f.
10
Suppose -690 - 210 = -3*m. Suppose 6896*z = 6901*z - 60. Calculate the greatest common factor of z and m.
12
Suppose -5*h + 3 = -2*h, 0 = 3*u - 2*h - 7. Suppose u*j - 72 = j. Let m be (60/(-8) - -3)*-20. What is the highest common divisor of m and j?
18
Suppose 5*x - 8 = -2*c + 9, -x = c - 4. Suppose -x*b = -b - 8. Let q be (-2)/b*20*-1. Calculate the greatest common divisor of 50 and q.
10
Suppose -4*d + 126 = -5*z, 6*d + 2*z = d + 141. Suppose 2*s - 2*r + 27 = -39, d = -s + 5*r. Let j = 57 + s.